(-16)/(-2)?
9
Let z(x) = 10*x - x + 4 - 4*x. What is the tens digit of z(6)?
3
Let m = 235 - -94. What is the hundreds digit of m?
3
What is the units digit of (3/2)/(6/28)?
7
Let c = 16 + 39. Suppose 5*f - c = -0*f. What is the units digit of f?
1
Suppose -5*d + 38 = -4*w, -3*w - 30 = -3*d - d. Let n(z) = -z**2 + 6*z + 8. Let t be n(d). Let s(m) = -m + 11. What is the units digit of s(t)?
3
What is the tens digit of (18/(-4))/(-3)*(65 - 3)?
9
Suppose 2*t = -3*t + 30. Let i = -217 + 28. What is the tens digit of i/(-12) - t/8?
1
Suppose 2*t - 7 = -11. What is the units digit of 4/((-8)/(-30)) - t?
7
Suppose 4444 = 15*f + 454. What is the tens digit of f?
6
Let n be -3 + (-3 - 8/4). Let f = 12 - n. What is the tens digit of f?
2
Suppose 4*v + 16 = 4*m, 2*m - m + 4*v - 29 = 0. Let k(q) = -10*q + 2 + m*q + 2*q. What is the units digit of k(6)?
8
Let b = 5 - 4. Let d(a) = -2 - 3 - 1 + b + 2*a. What is the units digit of d(10)?
5
Let p be ((-15)/(-3))/(2/82). Suppose -15 = 5*v, p = 5*g - 8*v + 3*v. What is the tens digit of g?
3
Let a = 11 - 9. Suppose -2*h = n + 160 + 6, 154 = -a*h + 2*n. What is the units digit of h/(-12) - 4/(-16)?
7
Let s be 2*11/(-2) - -3. What is the units digit of (-70)/(-8) + (-2)/s?
9
Suppose 0 = -3*a + 4*a - 2*z - 7, -4*a = -3*z - 23. Let c(i) = -i**2 + 6*i - 1. What is the units digit of c(a)?
4
Let f(r) = -r + 7. Let q be f(5). Suppose 5*l = h - 27, -2*l + 4*h - 20 + 2 = 0. What is the units digit of l/10*(-24)/q?
6
Let q = -2 + 20. What is the tens digit of q?
1
Let m = 173 + -120. What is the units digit of m?
3
Let z(t) = -t**3 + 14*t**2 + 18*t - 13. What is the units digit of z(15)?
2
Let y = 6 + -1. Suppose 5*h = y*n + 140, 0 = -5*h + 3*h + n + 55. What is the tens digit of h?
2
Let b be (-2)/6 + 70/21. Suppose -3 = 5*c - 13. Suppose c*y + b*y - 25 = 0. What is the units digit of y?
5
Suppose -2*f = -5*v - 43, 2*v + v - 96 = -3*f. What is the tens digit of f/4*28/7?
2
Let l(b) = 5*b - 4. What is the units digit of l(1)?
1
What is the units digit of 48 - ((-6)/(-1))/(-2)?
1
Let w(a) = -4*a - 5. Let z be w(-7). Suppose -5*m + 2*t - z = 19, 5*m - t + 41 = 0. What is the units digit of 1*1*(-2 - m)?
6
Let y(z) be the first derivative of z**2/2 - 6*z - 3. Let d be y(3). What is the units digit of (-2)/d + (-19)/(-3)?
7
Let a(q) = -q**2 + 7*q + 12. Let m be a(10). Let h = -27 - m. What is the units digit of 5/(-20) + h/(-4)?
2
Suppose 0*o + o = 24. What is the tens digit of ((-2)/4)/((-1)/o)?
1
What is the units digit of 0 + (-3)/((-1)/17 - 0)?
1
Suppose 3*n - 2*n - 2 = 0. Suppose n*u - 72 = -2*k, -2*k + 5*u - 75 = -4*k. What is the units digit of k?
5
Suppose -5*c = 3*l + 2*l - 130, 3*l + 98 = 5*c. Suppose c + 58 = 5*p. What is the units digit of p?
6
Let z(h) = -h - 4. Let v be z(-4). Suppose v*s - 18 = -s. What is the tens digit of s?
1
Let s(v) = -v**2 - 2*v + 4. Let x be s(-4). What is the units digit of 6/x*(-12)/9?
2
Suppose 1 = 5*n + 6. Let j be 1/(18/16 + n). Suppose j = 3*i - a, 4*i + a = i - 2. What is the units digit of i?
1
What is the units digit of 6/(-1 - 10/(-6))?
9
What is the tens digit of (-3)/9 + (-5 - (-1280)/15)?
8
What is the units digit of 11 + -11 + (3 - 0)?
3
Suppose 2*l = 3*l - 2. What is the units digit of l*1/(-2) - -4?
3
Let w be (-30)/(-4)*12/(-9). Let b = w - -20. What is the tens digit of b?
1
Let r(s) = s + 4. Let c(g) = -3*g - 17. Let x(f) = -f - 10. Let w be x(-8). Let z(q) = w*c(q) - 9*r(q). What is the units digit of z(-5)?
3
Suppose 5*d = 5*x + 275, 2*d - 7*x = -3*x + 106. What is the units digit of d?
7
Suppose -5*i + 235 = 5*c, 5*c + 4*i - 110 - 127 = 0. What is the tens digit of c?
4
Suppose 0 - 10 = a. What is the tens digit of (-291)/(-15) - (-4)/a?
1
Suppose -2*s + 4*o + 2 = -222, 418 = 4*s - 2*o. Let y = -69 + s. Suppose -y = -5*t + 7. What is the units digit of t?
8
Let b = 15 + -21. Let s(n) = -n**2 - 8*n - 5. What is the units digit of s(b)?
7
Let b(w) = -11*w - 15. What is the tens digit of b(-7)?
6
Suppose -2 = 2*o - 3*o. Suppose -4*f + 16 = l, 0 = 2*f - o - 6. Suppose -3*k + 48 = -l*k. What is the units digit of k?
6
Suppose -2*d = 6*j - j - 47, 24 = d + 3*j. What is the tens digit of d?
2
Let o(w) = 3*w**3 + 2*w**2 - 3. Let m(i) = -4*i**3 - 3*i**2 + i + 4. Let j(k) = 4*m(k) + 5*o(k). What is the tens digit of j(-4)?
1
Let z(c) = -14*c**3 + c**2 - c - 2. What is the units digit of z(-1)?
4
Let a(y) = y**3 + 7*y**2 + 7*y + 2. Let m be (3 + 2)*(-3 - -2). What is the tens digit of a(m)?
1
Let r be (6/(-10))/((-3)/195). Suppose 4*i = -2*s + 46, -3*s + r = -3*i - 21. What is the units digit of s?
1
Let c(r) = 3 + 4 - 1 - 7*r + 6*r. What is the units digit of c(-9)?
5
Suppose -3*z = -2*b - 169, 5 = -4*b - 3. What is the tens digit of z?
5
Let h = 57 - 17. Let n = h - 27. What is the units digit of n?
3
What is the units digit of 68 + -4*1/2?
6
Let g(n) = n**3 - 3*n**2 - n + 14. What is the units digit of g(5)?
9
Let h(j) = -j**2 - j + 151. What is the hundreds digit of h(0)?
1
Suppose 5*g - 26 = 3*m + 4*g, -4*m - 40 = 4*g. Let q = m + 14. What is the units digit of q?
5
Let q(u) = -4*u + u - 1 + 2. Suppose 6 = -3*b - 0. What is the units digit of q(b)?
7
Let x(n) = n - 4. Suppose r = 5*r - 40. What is the units digit of x(r)?
6
Let s(c) = -43*c**3 - 2*c**2 - 2*c - 8. What is the hundreds digit of s(-2)?
3
Let s(a) = 6*a + 12. What is the hundreds digit of s(21)?
1
Suppose -i + 4*a + 1 = -129, 634 = 5*i - 4*a. What is the hundreds digit of i?
1
Let c be (-8)/(-36) - (-2)/(-9). Let n be 1*(2 - c) - 2. Suppose n = -5*j - 0 + 10. What is the units digit of j?
2
Let i(r) = -r**3 - 2*r**2 + 2. Let g = 0 + 2. Suppose 4*s - 6 = 5*m, -s = g*m + 7 - 2. What is the units digit of i(m)?
2
Let h be 0 - 2 - 42/(-3). Let j be 4/(h/69) - 0. Suppose 4*y - j = 45. What is the tens digit of y?
1
Let m = -29 - -47. Suppose -m = 2*q + 62. Let g = -29 - q. What is the units digit of g?
1
Suppose -3*d - 120 = -555. What is the units digit of d?
5
Suppose -2*b - 2*q + 252 = 0, 3*b - 4*q = 285 + 72. What is the units digit of b?
3
Let w = 35 - -1. What is the tens digit of w?
3
Suppose 4*v + 3*f = 24, -4*f + 6*f - 20 = -4*v. Suppose v*i = 4*q - 13 - 10, 2 = -2*i. What is the units digit of q?
5
Suppose 2*f = 12*f - 390. What is the units digit of f?
9
Let s be (-48)/(-20) - (-2)/(-5). Suppose -52 = -5*p - s*m + 9, 0 = 5*p - m - 52. What is the units digit of p?
1
Let j(o) = o**3 - 4*o**2 - 3*o + 2. Let i be j(5). Let n = i - 1. What is the units digit of n?
1
Let p = 22 + -71. Let n = -11 - p. What is the units digit of n?
8
What is the hundreds digit of (-2 - 0) + (8/2 - -102)?
1
Suppose 2*j + 8 + 18 = -3*d, 2*d = -j - 18. What is the tens digit of (12/d)/((-1)/10)?
1
Let j = 17 - 13. Suppose -3*m = -7 + j. What is the units digit of m?
1
Suppose 7 + 5 = 3*i. Let m(p) = 6*p**3 - 4*p**2 + 2*p + 2. Let j(z) = 5*z**3 - 4*z**2 + 2*z + 2. Let l(t) = i*m(t) - 5*j(t). What is the units digit of l(2)?
2
Let w(u) = -3*u + 3. Let m be w(-5). What is the units digit of 5*(-3)/(-30)*m?
9
Let h = -17 - -20. Suppose 48 = 4*s - h*s. What is the tens digit of s?
4
Let i(o) = -o**3 - 7*o**2 + 9*o - 4. Let p be i(-8). Let q = 22 + p. What is the units digit of q?
0
Let i(n) = n**3 + 6*n**2 - 7*n + 3. Let z be i(-6). Let p = -35 - -5. Let c = z + p. What is the tens digit of c?
1
Let t(n) = n**2 - 8*n - 13. Let c be t(9). What is the units digit of (-6)/(3/42*c)?
1
Suppose -5*a + g - 5*g = -224, 4*a - 180 = -4*g. Suppose 0*n + 5*n + 40 = 5*m, -n + 22 = 4*m. Suppose 0 = -5*o + a + m. What is the tens digit of o?
1
Let a(v) = 5*v + 4. Let b be a(-14). What is the tens digit of b/4*(-12)/18?
1
Let h(j) = -2*j**3 - 2*j**2 - 4*j - 3. Let k be h(-2). Let w = 25 - k. What is the units digit of w?
2
Suppose 3 + 8 = -s. Let k = -6 - s. Suppose m - k - 3 = 0. What is the units digit of m?
8
Suppose 0 = -u - 5*t + 8, -48 = -0*u - 3*u - 3*t. What is the units digit of u?
8
Suppose 5*l - 4*l - 1 = 0. What is the units digit of l?
1
Let h(f) = 0*f - f**3 - 6 - 4*f + 4*f + 6*f - 6*f**2. What is the units digit of h(-7)?
1
Let i(u) = 5*u - 1. Let l(h) = -11*h + 2. Let g(s) = -13*i(s) - 6*l(s). Let y be ((-10)/6)/(-5)*6. What is the units digit of g(y)?
3
Let q = -11 + 13. Suppose q*t + t = 57. What is the units digit of t?
9
Le